the prime factors of (22/(-33))/(a/(-138)).
2, 23
Let q(c) = -c**3 + 3*c**2 + 3*c - 2. Let s be q(4). Let i be 28/(-98) + (-60)/(-14). Let m = i - s. List the prime factors of m.
2, 5
Suppose 115 = -5*s - 0*s. Let q = -4 - s. What are the prime factors of q?
19
Let y(w) = 1 + 3 - 11*w - 4. Let f be y(-2). What are the prime factors of 3*(-25)/(-30)*f?
5, 11
Suppose 87 = -10*r + 7*r. Let z = r + 31. What are the prime factors of z?
2
Let u = 513 - 108. List the prime factors of u.
3, 5
Suppose 0 = -s - 4*i + 15, 2*i - 8 = 4*s + i. Let f(k) = -90*k + 3. List the prime factors of f(s).
3, 31
Let z(j) = 2*j + 7. Let g be z(-7). Let a(k) = -7*k - 6. What are the prime factors of a(g)?
43
Let h be 2 - (3/(0 - -3) - 1). Suppose 3*s = -2*s - 4*q + 511, -s - h*q + 101 = 0. What are the prime factors of s?
103
Let c(y) = -y**2 + 35*y - 13. List the prime factors of c(25).
3, 79
Let m(i) = i**2 - 7*i - 13. Let j(f) = -2*f**2 + 14*f + 26. Let t(p) = 6*j(p) + 11*m(p). Let l be t(10). Let b = 35 + l. What are the prime factors of b?
2, 3
Let j be (3 - -1)*(-6)/(-16 - -4). Suppose j*t = t + 101. List the prime factors of t.
101
Let r(v) = v**3 + 23*v**2 + v - 38. What are the prime factors of r(-22)?
2, 53
Let r be 57/4 - 30/(-40). Suppose 0*b + 201 = 3*b + 3*t, 0 = -3*t - r. What are the prime factors of b?
2, 3
Let j = -5581 - -8099. What are the prime factors of j?
2, 1259
Suppose -3*s = 12, 3*s - 336 = -2*y + 4*s. What are the prime factors of y?
2, 83
Let n(v) = 12*v**2 - 2*v + 66. What are the prime factors of n(13)?
2, 11, 47
Suppose 10*q = 5*q - 15. List the prime factors of (-1)/4 - ((-1325)/20 - q).
3, 7
Suppose 61*w - 22858 = 35031. What are the prime factors of w?
13, 73
Suppose 2 = 2*h - 6. Suppose -h*i - 12 = -5*k, 0*k - i = k + 3. Suppose 5*f + s + k*s = 89, 2*f = -s + 35. List the prime factors of f.
2, 3
Let p(x) = x - 5. Let a be p(9). Suppose 3*r - 66 = -t, 0*r - 2*r = a*t - 214. What are the prime factors of t?
3, 17
Let b = -1288 + 1779. What are the prime factors of b?
491
Let r(u) = -6*u**3 + u**2 + 3*u. Let n be r(-3). Let a = n - -42. List the prime factors of a.
2, 3, 17
Suppose -16*j + 9*j = -5796. What are the prime factors of j?
2, 3, 23
Let u be (14/5)/((-12)/(-60)). Suppose -q = q - u. What are the prime factors of q?
7
List the prime factors of (12 - 5) + -9 - 3602/(-2).
7, 257
Let x be (-13)/(-1) - (3 - 5). Suppose 0*y + x = 3*y + 3*f, 0 = 3*f - 6. What are the prime factors of y/(-2) - (-77)/2?
37
Suppose 17*v - 27575 = -8*v. What are the prime factors of v?
1103
Suppose q - 5*v - 3183 = 0, -4*v - 4 = -12. List the prime factors of q.
31, 103
Let q(n) = -7*n - 30. Let r be q(-5). Suppose -r*g = 5 - 105. List the prime factors of g.
2, 5
Suppose -4*f + 452 = -4*q, 4*f - q = q + 462. List the prime factors of f/4 + (-1)/2 + -1.
2, 7
Let h(m) = m**2 + 4*m + 6. Let c be h(-3). Let s(p) = 2*p**3 - p**2 - p - 8. List the prime factors of s(c).
2, 17
Let u be (-10)/3*6/(-5). Suppose u*v + 5*p + 120 = 0, 19 = -4*p + 3. Let i = v - -42. List the prime factors of i.
17
Suppose -4480 = -4*u + 4260. What are the prime factors of u?
5, 19, 23
Suppose -2*a - 42 = 16. Let l = a + 31. Suppose -4*m - 274 = -5*z, 2*z + 298 = 7*z + l*m. What are the prime factors of z?
2, 29
Let d be (-1)/(-3)*(1 - -8). Suppose 0 = -d*t + 10*t - 826. List the prime factors of t.
2, 59
Suppose 14*f - 12*f + 20 = 0. Let d = 18 + f. List the prime factors of d.
2
Let x(b) = b**2 - 4*b - 29. Let r be x(7). Let w(h) = h**3 + 11 - 2*h - 2*h + 8*h**2 + 3*h. What are the prime factors of w(r)?
19
Let q be 30/(-25)*(-1 + -4) + 3. Suppose -4*s - 207 = -v, -3*v - 2*s = -630 + q. List the prime factors of v.
3, 23
Let y be -16*-3*2/(-12). Let v be y/(1 + 1) - 108. List the prime factors of v/70*30/(-4).
2, 3
Let f = 14940 - 10511. What are the prime factors of f?
43, 103
Suppose -7*i - 4*i = -583. Let a = 55 + i. List the prime factors of a.
2, 3
Let q(s) = s**3 + 4*s**2 + 15 - 4*s - 15*s + 26*s. Let m be q(-6). Let v = m + 171. What are the prime factors of v?
2, 3
Let n(r) = -1170*r**3 - 4*r**2 - 7*r - 3. List the prime factors of n(-1).
2, 3, 5, 13
Let v(q) = q**2. Let y be v(-11). Let j = y + -37. List the prime factors of j.
2, 3, 7
Suppose -y - 17 = -5. Let g be (24/10)/(y/(-90)). Let u(c) = c**3 - 18*c**2 + 25. What are the prime factors of u(g)?
5
Suppose -22*t + 70976 = -43336. List the prime factors of t.
2, 3, 433
Suppose 21*d = -3006 + 12582. List the prime factors of d.
2, 3, 19
Suppose -11 = -0*g + 2*g - 5*x, 5*x = 5*g + 5. Suppose 2000 = 14*a + g*a. List the prime factors of a.
5
Let p = 133 + 13. List the prime factors of p.
2, 73
Let w = -14 - -19. Suppose w*a - 10 + 35 = 0. List the prime factors of (-1 - -68) + (-5 - a).
67
Let n = 6 - -45. Let q = 23 + -38. Let a = q + n. What are the prime factors of a?
2, 3
Let j(o) = o + 17. Let d be j(-17). Suppose 0 = -4*v - 2*x - 260, d = -2*v + 4*x - 0*x - 140. Let b = -42 - v. List the prime factors of b.
2, 3
Let h(j) = 5*j**2 - 8*j + 4. Let s be h(2). Let u be (-2208)/(-27) + 2/9. What are the prime factors of 0 - (-4)/(s/u)?
41
Let c(v) = -v**3 - 20*v**2 + 9*v + 70. List the prime factors of c(-21).
2, 7, 23
Let u(y) = -y**3 - 7*y**2 - y - 5. Let m be u(-7). Suppose m*o + 372 = -260. What are the prime factors of (-36)/24*o/6?
79
Suppose -4*m - 4 + 28 = 0. Suppose n = 11 - m. Suppose -4*z + 131 = n*k, -2*k = 3*z - 7*k - 142. What are the prime factors of z?
3, 13
Suppose -20*m + 14*m = -1068. Let j = 242 - m. List the prime factors of j.
2
Let w(j) = -j**3 - 12*j**2 + 11*j - 10. Let a be (-52)/(-6)*48/(-32). List the prime factors of w(a).
2
Let j(s) = 4*s**2 - 31*s + 12. Let p be 1/((-3)/90)*(-4)/10. What are the prime factors of j(p)?
2, 3
Let t(m) = -20*m + 5. Let f be t(2). Let v = 87 + f. List the prime factors of v.
2, 13
What are the prime factors of ((-10)/((-60)/(-9)))/(2/(-332))?
3, 83
Suppose k + 6*k - 21 = 0. Suppose 4*n - 1 = -5*x, 9 = -2*x + k. Suppose -3*v = -4*y - 57 - 64, 0 = n*v + 5*y - 213. List the prime factors of v.
47
Let c = -38 - -88. Suppose -5*q + 0 = c. Let f(h) = -4*h - 4. What are the prime factors of f(q)?
2, 3
Suppose 0*h - h + 5 = 0, 0 = 4*d + 4*h - 424. Suppose 0*o - o + c = -4, 5*o + 4*c - 20 = 0. Suppose o*q - d = 19. What are the prime factors of q?
2, 3, 5
Let r be -45 - (-4)/(-8)*-6. Let x = r - -74. Suppose -3*g = -x - 73. List the prime factors of g.
5, 7
Let k = 0 - -5. Let m = -5 + k. Suppose 0 = -m*x - 5*x + 65. List the prime factors of x.
13
Let h(l) = -14*l**3 - 2*l**2 + 1. Let c be h(1). What are the prime factors of (10/(-4) - -1)*(13 + c)?
3
Let t(s) = s**2 - 9*s - 144. What are the prime factors of t(-33)?
2, 3, 23
Suppose -2*j - 5*m + 695 - 210 = 0, -5*j + 4*m = -1196. What are the prime factors of (82/(-8))/((-20)/j)?
3, 41
Let k(i) = 14*i - 3. Let x be k(8). Let h = x - 64. List the prime factors of h.
3, 5
What are the prime factors of (-1)/6 + 13784/48?
7, 41
Let v(x) = 3*x**3 - 5*x**2 + 11*x + 2. Let i(y) = y**3 - 3*y**2 + 5*y + 1. Let q(u) = 5*i(u) - 2*v(u). Suppose 4*h + 8 = -16. List the prime factors of q(h).
19
Let k be -2*(58 - -1 - -2). Let m be -1 - -5 - (-4 - (-4 + -180)). Let w = k - m. What are the prime factors of w?
2, 3
Let g(t) = t**3 + t**2 - 1. Let c(u) = -5*u**3 + 2*u**2 - 6*u. Let o(d) = c(d) + 6*g(d). List the prime factors of o(-8).
2, 3, 7
Let z be 84/(-22) + 12/(-66). Let y(o) = -o**2 - 8*o + 2. Let r be y(z). Let t = 3 + r. List the prime factors of t.
3, 7
Let p(s) = -4*s - 22. What are the prime factors of p(-11)?
2, 11
Let o = 3 + -3. Suppose o = -j - 4, -k + 2*j = 6*j - 189. Suppose -5*r - 93 - 72 = -4*i, 0 = -5*i + 5*r + k. List the prime factors of i.
2, 5
Let p(q) = -5*q**2 + 18*q - 18. Let a(w) = -11*w**2 + 37*w - 36. Let h(s) = -4*a(s) + 9*p(s). What are the prime factors of h(9)?
3
Let l = 6 + 21. Let b = 4550 + -2654. List the prime factors of b/l - (-4)/(-18).
2, 5, 7
Let q = 948 + 902. List the prime factors of q.
2, 5, 37
Let a = -11 - -13. Suppose -a*z + 16 = -6*z. List the prime factors of 30/6 + (z - -1).
2
List the prime factors of (171/(-12))/(-1*1/24).
2, 3, 19
Let i(h) = h**2 + 25*h + 8. Let l(d) = d. Let w(f) = -i(f) + 5*l(f). List the prime factors of w(-17).
43
Suppose -5*w = 3*o - o + 49, 5*o + 70 =